{"id":1416541,"date":"2020-05-19T01:14:53","date_gmt":"2020-05-18T23:14:53","guid":{"rendered":"https:\/\/www.agencedumas.fr\/gestion-de-biens\/"},"modified":"2022-04-27T11:43:41","modified_gmt":"2022-04-27T09:43:41","slug":"gestion-de-biens","status":"publish","type":"page","link":"https:\/\/www.agencedumas.fr\/ru\/gestion-de-biens\/","title":{"rendered":"\u0423\u043f\u0440\u0430\u0432\u043b\u0435\u043d\u0438\u0435"},"content":{"rendered":"\r\n<p><br \/>Notre profession d&#8217;administrateur de biens est r\u00e9glement\u00e9e. Notre Agence Dumas doit poss\u00e9der une carte professionnelle \u00ab Gestion immobili\u00e8re \u00bb d\u00e9livr\u00e9e par la pr\u00e9fecture du d\u00e9partement. Cette carte doit \u00eatre renouvel\u00e9e tous les dix ans. Nous sommes soumis \u00e0 la loi n\u00b0 70-9 du 2 janvier 1970 (loi Hoguet) r\u00e9glementant les conditions d&#8217;exercice des activit\u00e9s relatives \u00e0 certaines op\u00e9rations portant sur les immeubles et les fonds de commerce.<\/p>\r\n\r\n\r\n\r\n<p><strong>GERANCE DE VOTRE BIEN<\/strong><\/p>\r\n\r\n\r\n\r\n<p>L&#8217;Agence Dumas Gestion peut s&#8217;occuper de la gestion de votre bien immobilier en France et effectuer en votre nom toutes les d\u00e9marches n\u00e9cessaires \u00e0 l&#8217;entretien et la conservation de votre bien. Nous pouvons \u00e9galement g\u00e9rer tous vos besoins personnels lors de vos s\u00e9jours.<\/p>\r\n\r\n\r\n\r\n<ul class=\"wp-block-list\">\r\n<li>Repr\u00e9sentation du propri\u00e9taire aupr\u00e8s de diverses administrations fiscales (contribution directe ou indirecte, enregistrements..), publiques (Minist\u00e8re de l&#8217;Urbanisme et du Logement, pr\u00e9fecture, mairie, services de police et d&#8217;Hygi\u00e8ne, Cadastre, poste\u2026), priv\u00e9es et toutes les compagnies (eau, gaz, \u00e9lectricit\u00e9)<br \/><br \/><\/li>\r\n<li>Assistance et conseil quant \u00e0 la gestion de votre bien, vos droits et devoirs.<br \/><br \/><\/li>\r\n<li>Ex\u00e9cution et contr\u00f4le des travaux n\u00e9cessaires (recherche des prestataires, analyse des devis, suivi de chantier..)<br \/><br \/><\/li>\r\n<li>Contr\u00f4le et paiement des factures (eau, gaz \u00e9lectricit\u00e9, t\u00e9l\u00e9phone, contrats d&#8217;entretien&#8230;)<br \/><br \/><\/li>\r\n<li>Assurer contre l&#8217;incendie et autres risques les biens g\u00e9r\u00e9s, signer \u00e0 cet effet toutes polices et tous avenants d&#8217;assurance, en payer les primes.<br \/><br \/><\/li>\r\n<li>Organisation et gestion de l&#8217;entretien de la maison, du jardin et de la piscine.<br \/><br \/><\/li>\r\n<li>Gestion du personnel de votre bien (embaucher le personnel, fixer son salaire, le payer, le cong\u00e9dier et le remplacer si n\u00e9cessaire)<br \/><br \/><\/li>\r\n<li>R\u00e8glement des litiges \u00e0 l&#8217;amiable mais en cas de difficult\u00e9 nous pouvons engager des poursuites judiciaires.<br \/><br \/><br \/><\/li>\r\n<\/ul>\r\n\r\n\r\n\r\n<p>Sp\u00e9cialiste du droit immobilier, l&#8217;Agence Dumas vous propose une gestion de votre bien correspondant \u00e0 tous vos besoins, nous sommes \u00e0 votre enti\u00e8re disposition pour tout service sur mesure.<\/p>\r\n","protected":false},"excerpt":{"rendered":"<p>Notre profession d&#8217;administrateur de biens est r\u00e9glement\u00e9e. Notre Agence Dumas doit poss\u00e9der une carte professionnelle \u00ab Gestion immobili\u00e8re \u00bb d\u00e9livr\u00e9e [&hellip;]<\/p>\n","protected":false},"author":2,"featured_media":0,"parent":0,"menu_order":78,"comment_status":"closed","ping_status":"closed","template":"","meta":{"_acf_changed":false,"footnotes":""},"class_list":["post-1416541","page","type-page","status-publish","hentry"],"acf":[],"yoast_head":"<!-- This site is optimized with the Yoast SEO plugin v26.0 - https:\/\/yoast.com\/wordpress\/plugins\/seo\/ -->\n<title>Gestion locative \u00e0 Beaulieu-sur-Mer, Villefranche et Cap Ferrat<\/title>\n<meta name=\"description\" content=\"Quelle agence locative choisir ? L&#039;agence Dumas Immobilier vous propose un service de gestion locative cl\u00e9 en main.\" \/>\n<meta name=\"robots\" content=\"index, follow, max-snippet:-1, max-image-preview:large, max-video-preview:-1\" \/>\n<link rel=\"canonical\" href=\"https:\/\/www.agencedumas.fr\/gestion-de-biens\/\" \/>\n<meta property=\"og:locale\" content=\"ru_RU\" \/>\n<meta property=\"og:type\" content=\"article\" \/>\n<meta property=\"og:title\" content=\"Gestion locative \u00e0 Beaulieu-sur-Mer, Villefranche et Cap Ferrat\" \/>\n<meta property=\"og:description\" content=\"Quelle agence locative choisir ? L&#039;agence Dumas Immobilier vous propose un service de gestion locative cl\u00e9 en main.\" \/>\n<meta property=\"og:url\" content=\"https:\/\/www.agencedumas.fr\/gestion-de-biens\/\" \/>\n<meta property=\"og:site_name\" content=\"Dumas\" \/>\n<meta property=\"article:publisher\" content=\"https:\/\/www.facebook.com\/Dumas-Realty-100353566141360\/\" \/>\n<meta property=\"article:modified_time\" content=\"2022-04-27T09:43:41+00:00\" \/>\n<meta name=\"twitter:card\" content=\"summary_large_image\" \/>\n<meta name=\"twitter:label1\" content=\"Est. reading time\" \/>\n\t<meta name=\"twitter:data1\" content=\"2 minutes\" \/>\n<script type=\"application\/ld+json\" class=\"yoast-schema-graph\">{\"@context\":\"https:\/\/schema.org\",\"@graph\":[{\"@type\":\"WebPage\",\"@id\":\"https:\/\/www.agencedumas.fr\/gestion-de-biens\/\",\"url\":\"https:\/\/www.agencedumas.fr\/gestion-de-biens\/\",\"name\":\"Gestion locative \u00e0 Beaulieu-sur-Mer, Villefranche et Cap Ferrat\",\"isPartOf\":{\"@id\":\"https:\/\/www.agencedumas.fr\/#website\"},\"datePublished\":\"2020-05-18T23:14:53+00:00\",\"dateModified\":\"2022-04-27T09:43:41+00:00\",\"description\":\"Quelle agence locative choisir ? L'agence Dumas Immobilier vous propose un service de gestion locative cl\u00e9 en main.\",\"inLanguage\":\"ru-RU\",\"potentialAction\":[{\"@type\":\"ReadAction\",\"target\":[\"https:\/\/www.agencedumas.fr\/gestion-de-biens\/\"]}]},{\"@type\":\"WebSite\",\"@id\":\"https:\/\/www.agencedumas.fr\/#website\",\"url\":\"https:\/\/www.agencedumas.fr\/\",\"name\":\"Dumas\",\"description\":\"Agence Immobili\u00e8re Villefranche, Beaulieu et Saint-Jean-Cap-Ferrat\",\"potentialAction\":[{\"@type\":\"SearchAction\",\"target\":{\"@type\":\"EntryPoint\",\"urlTemplate\":\"https:\/\/www.agencedumas.fr\/?s={search_term_string}\"},\"query-input\":{\"@type\":\"PropertyValueSpecification\",\"valueRequired\":true,\"valueName\":\"search_term_string\"}}],\"inLanguage\":\"ru-RU\"}]}<\/script>\n<!-- \/ Yoast SEO plugin. -->","yoast_head_json":{"title":"Gestion locative \u00e0 Beaulieu-sur-Mer, Villefranche et Cap Ferrat","description":"Quelle agence locative choisir ? L'agence Dumas Immobilier vous propose un service de gestion locative cl\u00e9 en main.","robots":{"index":"index","follow":"follow","max-snippet":"max-snippet:-1","max-image-preview":"max-image-preview:large","max-video-preview":"max-video-preview:-1"},"canonical":"https:\/\/www.agencedumas.fr\/gestion-de-biens\/","og_locale":"ru_RU","og_type":"article","og_title":"Gestion locative \u00e0 Beaulieu-sur-Mer, Villefranche et Cap Ferrat","og_description":"Quelle agence locative choisir ? L'agence Dumas Immobilier vous propose un service de gestion locative cl\u00e9 en main.","og_url":"https:\/\/www.agencedumas.fr\/gestion-de-biens\/","og_site_name":"Dumas","article_publisher":"https:\/\/www.facebook.com\/Dumas-Realty-100353566141360\/","article_modified_time":"2022-04-27T09:43:41+00:00","twitter_card":"summary_large_image","twitter_misc":{"Est. reading time":"2 minutes"},"schema":{"@context":"https:\/\/schema.org","@graph":[{"@type":"WebPage","@id":"https:\/\/www.agencedumas.fr\/gestion-de-biens\/","url":"https:\/\/www.agencedumas.fr\/gestion-de-biens\/","name":"Gestion locative \u00e0 Beaulieu-sur-Mer, Villefranche et Cap Ferrat","isPartOf":{"@id":"https:\/\/www.agencedumas.fr\/#website"},"datePublished":"2020-05-18T23:14:53+00:00","dateModified":"2022-04-27T09:43:41+00:00","description":"Quelle agence locative choisir ? L'agence Dumas Immobilier vous propose un service de gestion locative cl\u00e9 en main.","inLanguage":"ru-RU","potentialAction":[{"@type":"ReadAction","target":["https:\/\/www.agencedumas.fr\/gestion-de-biens\/"]}]},{"@type":"WebSite","@id":"https:\/\/www.agencedumas.fr\/#website","url":"https:\/\/www.agencedumas.fr\/","name":"Dumas","description":"Agence Immobili\u00e8re Villefranche, Beaulieu et Saint-Jean-Cap-Ferrat","potentialAction":[{"@type":"SearchAction","target":{"@type":"EntryPoint","urlTemplate":"https:\/\/www.agencedumas.fr\/?s={search_term_string}"},"query-input":{"@type":"PropertyValueSpecification","valueRequired":true,"valueName":"search_term_string"}}],"inLanguage":"ru-RU"}]}},"_links":{"self":[{"href":"https:\/\/www.agencedumas.fr\/ru\/wp-json\/wp\/v2\/pages\/1416541","targetHints":{"allow":["GET"]}}],"collection":[{"href":"https:\/\/www.agencedumas.fr\/ru\/wp-json\/wp\/v2\/pages"}],"about":[{"href":"https:\/\/www.agencedumas.fr\/ru\/wp-json\/wp\/v2\/types\/page"}],"author":[{"embeddable":true,"href":"https:\/\/www.agencedumas.fr\/ru\/wp-json\/wp\/v2\/users\/2"}],"replies":[{"embeddable":true,"href":"https:\/\/www.agencedumas.fr\/ru\/wp-json\/wp\/v2\/comments?post=1416541"}],"version-history":[{"count":0,"href":"https:\/\/www.agencedumas.fr\/ru\/wp-json\/wp\/v2\/pages\/1416541\/revisions"}],"wp:attachment":[{"href":"https:\/\/www.agencedumas.fr\/ru\/wp-json\/wp\/v2\/media?parent=1416541"}],"curies":[{"name":"wp","href":"https:\/\/api.w.org\/{rel}","templated":true}]}}

Управление

<p><br />Notre profession d&#8217;administrateur de biens est réglementée. Notre Agence Dumas doit posséder une carte professionnelle « Gestion immobilière » délivrée par la préfecture du département. Cette carte doit être renouvelée tous les dix ans. Nous sommes soumis à la loi n° 70-9 du 2 janvier 1970 (loi Hoguet) réglementant les conditions d&#8217;exercice des activités relatives à certaines opérations portant sur les immeubles et les fonds de commerce.</p>



<p><strong>GERANCE DE VOTRE BIEN</strong></p>



<p>L&#8217;Agence Dumas Gestion peut s&#8217;occuper de la gestion de votre bien immobilier en France et effectuer en votre nom toutes les démarches nécessaires à l&#8217;entretien et la conservation de votre bien. Nous pouvons également gérer tous vos besoins personnels lors de vos séjours.</p>



<ul class="wp-block-list">
<li>Représentation du propriétaire auprès de diverses administrations fiscales (contribution directe ou indirecte, enregistrements..), publiques (Ministère de l&#8217;Urbanisme et du Logement, préfecture, mairie, services de police et d&#8217;Hygiène, Cadastre, poste…), privées et toutes les compagnies (eau, gaz, électricité)<br /><br /></li>
<li>Assistance et conseil quant à la gestion de votre bien, vos droits et devoirs.<br /><br /></li>
<li>Exécution et contrôle des travaux nécessaires (recherche des prestataires, analyse des devis, suivi de chantier..)<br /><br /></li>
<li>Contrôle et paiement des factures (eau, gaz électricité, téléphone, contrats d&#8217;entretien&#8230;)<br /><br /></li>
<li>Assurer contre l&#8217;incendie et autres risques les biens gérés, signer à cet effet toutes polices et tous avenants d&#8217;assurance, en payer les primes.<br /><br /></li>
<li>Organisation et gestion de l&#8217;entretien de la maison, du jardin et de la piscine.<br /><br /></li>
<li>Gestion du personnel de votre bien (embaucher le personnel, fixer son salaire, le payer, le congédier et le remplacer si nécessaire)<br /><br /></li>
<li>Règlement des litiges à l&#8217;amiable mais en cas de difficulté nous pouvons engager des poursuites judiciaires.<br /><br /><br /></li>
</ul>



<p>Spécialiste du droit immobilier, l&#8217;Agence Dumas vous propose une gestion de votre bien correspondant à tous vos besoins, nous sommes à votre entière disposition pour tout service sur mesure.</p>

<p>Notre profession d&#8217;administrateur de biens est réglementée. Notre Agence Dumas doit posséder une carte professionnelle « Gestion immobilière » délivrée [&hellip;]</p>

<!-- This site is optimized with the Yoast SEO plugin v26.0 - https://yoast.com/wordpress/plugins/seo/ -->
<title>Gestion locative à Beaulieu-sur-Mer, Villefranche et Cap Ferrat</title>
<meta name="description" content="Quelle agence locative choisir ? L&#039;agence Dumas Immobilier vous propose un service de gestion locative clé en main." />
<meta name="robots" content="index, follow, max-snippet:-1, max-image-preview:large, max-video-preview:-1" />
<link rel="canonical" href="https://www.agencedumas.fr/gestion-de-biens/" />
<meta property="og:locale" content="ru_RU" />
<meta property="og:type" content="article" />
<meta property="og:title" content="Gestion locative à Beaulieu-sur-Mer, Villefranche et Cap Ferrat" />
<meta property="og:description" content="Quelle agence locative choisir ? L&#039;agence Dumas Immobilier vous propose un service de gestion locative clé en main." />
<meta property="og:url" content="https://www.agencedumas.fr/gestion-de-biens/" />
<meta property="og:site_name" content="Dumas" />
<meta property="article:publisher" content="https://www.facebook.com/Dumas-Realty-100353566141360/" />
<meta property="article:modified_time" content="2022-04-27T09:43:41+00:00" />
<meta name="twitter:card" content="summary_large_image" />
<meta name="twitter:label1" content="Est. reading time" />
	<meta name="twitter:data1" content="2 minutes" />
<script type="application/ld+json" class="yoast-schema-graph">{"@context":"https://schema.org","@graph":[{"@type":"WebPage","@id":"https://www.agencedumas.fr/gestion-de-biens/","url":"https://www.agencedumas.fr/gestion-de-biens/","name":"Gestion locative à Beaulieu-sur-Mer, Villefranche et Cap Ferrat","isPartOf":{"@id":"https://www.agencedumas.fr/#website"},"datePublished":"2020-05-18T23:14:53+00:00","dateModified":"2022-04-27T09:43:41+00:00","description":"Quelle agence locative choisir ? L'agence Dumas Immobilier vous propose un service de gestion locative clé en main.","inLanguage":"ru-RU","potentialAction":[{"@type":"ReadAction","target":["https://www.agencedumas.fr/gestion-de-biens/"]}]},{"@type":"WebSite","@id":"https://www.agencedumas.fr/#website","url":"https://www.agencedumas.fr/","name":"Dumas","description":"Agence Immobilière Villefranche, Beaulieu et Saint-Jean-Cap-Ferrat","potentialAction":[{"@type":"SearchAction","target":{"@type":"EntryPoint","urlTemplate":"https://www.agencedumas.fr/?s={search_term_string}"},"query-input":{"@type":"PropertyValueSpecification","valueRequired":true,"valueName":"search_term_string"}}],"inLanguage":"ru-RU"}]}</script>
<!-- / Yoast SEO plugin. -->

Gestion locative à Beaulieu-sur-Mer, Villefranche et Cap Ferrat

Quelle agence locative choisir ? L'agence Dumas Immobilier vous propose un service de gestion locative clé en main.

Agence Immobilière Villefranche, Beaulieu et Saint-Jean-Cap-Ferrat
